s 4 + 17?
1b
In base 11, what is -24 + 178896?
178872
In base 6, what is -33540 - -22?
-33514
In base 13, what is -cba0 - 0?
-cba0
In base 16, what is 5 - -3ebf?
3ec4
In base 6, what is -11444 - 10?
-11454
In base 16, what is 4abf4 + -c?
4abe8
In base 4, what is -322132311 + 3?
-322132302
In base 16, what is 44 + -1e?
26
In base 13, what is 1 - -57087?
57088
In base 9, what is 386288 - 2?
386286
In base 12, what is -31582 - -3?
-3157b
In base 7, what is -2 + 104140?
104135
In base 3, what is 2 + 2010111110?
2010111112
In base 8, what is 1 + 227745?
227746
In base 9, what is 3 - -181351?
181354
In base 4, what is -11213 + 1213?
-10000
In base 12, what is 3ba - -48a?
888
In base 12, what is -18154 - 4?
-18158
In base 10, what is 293915 + 5?
293920
In base 11, what is 29 + 61a7?
6225
In base 8, what is -335750 + 1?
-335747
In base 15, what is -2d6ba - -8?
-2d6b2
In base 15, what is -28 - 1a05?
-1a2d
In base 16, what is -6 + -489?
-48f
In base 10, what is 24045 + 24?
24069
In base 13, what is 55c86 + -1?
55c85
In base 12, what is 28 - 8a4?
-878
In base 10, what is 59195 + 8?
59203
In base 3, what is -2011010220 - 2?
-2011010222
In base 14, what is 36a5d3 + -5?
36a5cc
In base 13, what is -79cb4 - 5?
-79cb9
In base 16, what is 6124 + -1?
6123
In base 13, what is -339 - 7cc2?
-832b
In base 10, what is 10 - 8074?
-8064
In base 9, what is -8 + -254755?
-254764
In base 14, what is 4 + -7933?
-792d
In base 11, what is -9 - -204?
1a6
In base 7, what is -41530 + 4?
-41523
In base 6, what is 2 - 1151410?
-1151404
In base 13, what is 1 + 22587?
22588
In base 5, what is 232140410 + -4?
232140401
In base 14, what is -2da - 86a?
-b66
In base 12, what is 21 + 5a4?
605
In base 13, what is -308 - 510?
-818
In base 2, what is -11011001111 - -110?
-11011001001
In base 2, what is 100 + -1110011001?
-1110010101
In base 14, what is -6 + 1d5d6?
1d5d0
In base 16, what is 16f717 + -2?
16f715
In base 11, what is -1 - -121a3?
121a2
In base 5, what is -1 - 1300403?
-1300404
In base 5, what is -14331 - 324?
-20210
In base 4, what is 3 + -3230220?
-3230211
In base 15, what is -6 + 141?
13a
In base 9, what is -175 + 288?
113
In base 14, what is -2ba - -183?
-137
In base 10, what is -38 + 492?
454
In base 9, what is -30188 + 8?
-30180
In base 4, what is 12 - -13313022?
13313100
In base 15, what is -2 - -3150?
314d
In base 6, what is 10500 + 105?
11005
In base 6, what is -40311 - 454?
-41205
In base 16, what is f8 + -62?
96
In base 8, what is -3206077 + -2?
-3206101
In base 13, what is 2 - -99b2?
99b4
In base 11, what is -18938 + -2?
-1893a
In base 10, what is 8 - 47553?
-47545
In base 15, what is 1b + 178?
194
In base 9, what is 2 + 68800?
68802
In base 7, what is -226 - 225?
-454
In base 6, what is 0 + 3222444?
3222444
In base 2, what is 100 - 1000100001111?
-1000100001011
In base 2, what is 101101010010 - -1101000?
101110111010
In base 7, what is -14306653 + -1?
-14306654
In base 13, what is -5 - -192b0?
192a8
In base 14, what is 1c81 - -52d?
23b0
In base 11, what is -53891 - 4?
-53895
In base 10, what is 17 + -7147?
-7130
In base 10, what is -108 - -10214?
10106
In base 12, what is -8a5 - b4?
-999
In base 9, what is -54 + 1313?
1248
In base 13, what is 0 + 115058?
115058
In base 11, what is 4 + 879a?
87a3
In base 6, what is 234522 + -430?
234052
In base 12, what is -11 - 20a17?
-20a28
In base 14, what is 42c - -3b?
469
In base 13, what is -16a387 + 2?
-16a385
In base 14, what is 738 - db?
63b
In base 14, what is -23c91 + 2?
-23c8d
In base 5, what is 4 - -144243330?
144243334
In base 16, what is 15 - b8?
-a3
In base 14, what is 2dab3 + -2?
2dab1
In base 3, what is -220110 - -20012111?
12022001
In base 10, what is -952 - 38?
-990
In base 4, what is -3 + 2003233?
2003230
In base 14, what is -358 - 246?
-5a0
In base 9, what is 484073 - 2?
484071
In base 2, what is -10 + -1001101100000101100?
-1001101100000101110
In base 11, what is -93a541 + 4?
-93a538
In base 5, what is 4 - -1210323?
1210332
In base 12, what is 269 - 39bb?
-3752
In base 8, what is -12724 - -1?
-12723
In base 15, what is -45e8 + 0?
-45e8
In base 16, what is 1238 + -8?
1230
In base 14, what is 1556 + -13?
1543
In base 7, what is 304 + 263?
600
In base 4, what is 30 + -1113130?
-1113100
In base 2, what is -101 - 1110001000111001?
-1110001000111110
In base 7, what is -1421 - -4505?
3054
In base 5, what is -102213 + 2?
-102211
In base 14, what is -8 - 2c8ca?
-2c8d4
In base 4, what is 1211302 + -22?
1211220
In base 3, what is -12121211121 + 2?
-12121211112
In base 7, what is -24 + 540324?
540300
In base 14, what is 29 + 346?
371
In base 6, what is -2 - 34121121?
-34121123
In base 11, what is 1 + 25057?
25058
In base 11, what is -23991a + 4?
-239916
In base 9, what is 14214 + 378?
14603
In base 5, what is 13 + 24434?
30002
In base 13, what is -17 + 1722?
1708
In base 8, what is -232 - 76055?
-76307
In base 15, what is -c73 + 4?
-c6e
In base 2, what is 1000100001 - 1100110011010?
-1011101111001
In base 16, what is -380c5 + -6?
-380cb
In base 7, what is -6623 + -46?
-10002
In base 12, what is -892 + -12?
-8a4
In base 14, what is 79 + 1d?
98
In base 2, what is 1001001111010 - -1111?
1001010001001
In base 13, what is -1c63 - 10?
-1c73
In base 10, what is 1627 + -318?
1309
In base 9, what is -148 + -22?
-171
In base 10, what is 44 - 859?
-815
In base 3, what is 10 - -111211112?
111211122
In base 10, what is -789266 - 3?
-789269
In base 13, what is -2 - -1ab96?
1ab94
In base 12, what is 531 + -109?
424
In base 9, what is -141 - -205?
54
In base 9, what is -44156 + 3?
-44153
In base 13, what is 98 - 59?
3c
In base 11, what is -670 + -31?
-6a1
In base 16, what is 16ad - -2a1?
194e
In base 6, what is -15115344 + 0?
-15115344
In base 8, what is -4 + -321345?
-321351
In base 2, what is -101001001011010 - 100?
-101001001011110
In base 7, what is -414411 + -5?
-414416
In base 12, what is 3a2a + -121?
3909
In base 15, what is -2 + ea60?
ea5d
In base 4, what is 11 - 21102111?
-21102100
In base 16, what is -2c9 + 241?
-88
In base 14, what is -7 - 58a2?
-58a9
In base 13, what is 1409c - 11?
1408b
In base 2, what is -110 + -11111110011001?
-11111110011111
In base 12, what is 343ab + 3?
343b2
In base 12, what is 26493 + 1a?
264b1
In base 4, what is -122213 + -1032020?
-1220233
In base 3, what is -110110 + -10121200?
-11002010
In base 3, what is -12 + 1020122120?
1020122101
In base 8, what is -1144 - -26?
-1116
In base 10, what is -184707 - -4?
-184703
In base 4, what is 122 - -23010003?
23010131
In base 8, what is -4 - 1226123?
-1226127
In base 16, what is -14d7f - -5?
-14d7a
In base 8, what is 2 - -2073457?
2073461
In base 8, what is -1 + 24274?
24273
In base 13, what is 64715 + 1?
64716
In base 2, what is -101 - 1011110101010010?
-1011110101010111
In base 6, what is 105222 - -3?
105225
In base 2, what is -100 - 100000010?
-100000110
In base 13, what is -3 + 361b4?
361b1
In base 15, what is 1930 + d?
193d
In base 11, what is -574 + 695?
121
In base 7, what is -46054 + 162?
-45562
In base 10, what is -70109 + 9?
-70100
In base 4, what is 10 + -3323122?
-3323112
In base 3, what is 12120202121 + -1101?
12120201020
In base 4, what is -31022022 - -13?
-31022003
In base 12, what is -9123 - 4?
-9127
In base 2, what is 10011110001010 - 100110?
10011101100100
In base 13, what is -2 + 239c?
239a
In base 5, what is -10224 + 431?
-4243
In base 4, what is 2 + -333012120?
-333012112
In base 7, what is 40644 + 5?
40652
In base 10, what is -67 + 102?
35
In base 12, what is 101 - 204?
-103
In base 12, what is -2 - 1a273?
-1a275
In base 13, what is -3 + 5914?
5911
In base 11, what is 2 + -13027?
-13025
In base 3, what is 1 - 2102220011210?
-2102220011202
In base 4, what is 100013 + -1103?
32310
In base 12, what is -4b3 - -4a7?
-8
In base 9, what is -17 + -135?
-153
In base 11, what is 0 - -34300?
34300
In base 9, what is 2 + 34240?
34242
In base 7, what is 1231 + 354?
1615
In base 9, what is 8 - 6406?
-6387
In base 16, what is 10667 + 0?
10667
In base 2, what is -10101011101111001001 - 1?
-10101011101111001010
In base 15, what is a + 1465ec?
146607
In base 10, what is -3 + 35953?
35950
In base 11, what is -98 - -677?
58a
In base 4, what is 2 + -12233232?
-12233230
In base 16, what is 2 - 49ea8?
-49ea6
In base 5, what is -1140121 - 0?
-1140121
In bas